{"id":231,"date":"2014-06-11T15:22:47","date_gmt":"2014-06-11T13:22:47","guid":{"rendered":"http:\/\/fasform.de\/content\/?page_id=231"},"modified":"2014-08-13T14:15:42","modified_gmt":"2014-08-13T12:15:42","slug":"em-engineering-methods-ag","status":"publish","type":"page","link":"https:\/\/fasform.de\/content\/die-forschungspartner\/em-engineering-methods-ag\/","title":{"rendered":":em engineering methods AG"},"content":{"rendered":"<p>Die <a href=\"http:\/\/www.em.ag\" title=\":em engineering methods AG\" target=\"_blank\">:em engineering methods AG<\/a>, kurz :em AG, entwickelt und vermittelt innovative Methoden der Produktentwicklung und verf\u00fcgt als Integrator von IT-Systemen im Produktentstehungsprozess \u00fcber ein umfassendes Leistungsangebot f\u00fcr Hersteller, Zulieferer und Ingenieurdienstleister. Hohe Kompetenzen in den Bereichen Prozesse, Methoden und Technologien nutzt die :em AG bei der Konzeption, Entwicklung und Umsetzung von integrierten und leistungsoptimierten L\u00f6sungen f\u00fcr den gesamten Produktlebenszyklus. Die Mitarbeiter der :em AG greifen dabei auf langj\u00e4hrige branchen\u00fcbergreifende Erfahrungen in der Planung und Durchf\u00fchrung von Projekten im Maschinen- und Anlagenbau, der Automobil- und Zuliefererindustrie sowie der Luft- und Raumfahrttechnik zur\u00fcck.<\/p>\n<h2>Erfahrungen der :em AG<\/h2>\n<p><img loading=\"lazy\" decoding=\"async\" style=\"float:right; margin:10px;\" src=\"http:\/\/fasform.de\/content\/wp-content\/uploads\/2014\/06\/logo_em_ag_384x115.png\" alt=\":em engineering methods AG\" width=\"384\" height=\"115\" class=\"size-full wp-image-611\" srcset=\"https:\/\/fasform.de\/content\/wp-content\/uploads\/2014\/06\/logo_em_ag_384x115.png 384w, https:\/\/fasform.de\/content\/wp-content\/uploads\/2014\/06\/logo_em_ag_384x115-300x89.png 300w\" sizes=\"auto, (max-width: 384px) 100vw, 384px\" \/> Die :em AG kann auf mehrj\u00e4hrige Erfahrungen in der Datenmodellentwicklung (u. A. STEP AP 214, MechaSTEP (PAS 1013), EDMD Schema, CAE-Services ) und Systemintegration mit unterschiedlichen PDM-\/PLM-Systemen (u. A. Teamcenter, SmarTeam, ENOVIA) zur\u00fcckgreifen. Im Bereich der Systemintegration hat sich die :em AG schon fr\u00fch mit der Integration interdisziplin\u00e4rer Anwendungssysteme im Rahmen der mechatronischen Produktentwicklung besch\u00e4ftigt. Dies zeigen z.B. die Dissertation der :em Gr\u00fcnder Sven Kleiner (2003): \u201eF\u00f6deratives Informationsmodell zur Systemintegration f\u00fcr die Entwicklung mechatronischer Produkte\u201c und Marcus Krastel (2002): \u201eIntegration multidisziplin\u00e4rer Simulations- und Berechnungsmodelle in PDM-Systeme\u201d. Die :em AG ist seit Jahren im Bereich Systems Engineering aktiv und kann Erfahrungen sowohl in einem integrierten als auch in einem f\u00f6derativen Ansatz zur disziplin\u00fcbergreifenden Verkn\u00fcpfung der Systeminformationen vorweisen.<\/p>\n<p>Ferner ist die :em AG Mitglied in der GfSE (Gesellschaft f\u00fcr Systems Engineering e.V.) und aktiv in der Projektgruppe \u201eSmart Systems Engineering\u201c im ProSTEP iViP als Dienstleister t\u00e4tig.<\/p>\n<h2>Beitrag und Ziele im Kooperationsprojekt<\/h2>\n<p>[&#8230;]<\/p>\n<div id=\"attachment_301\" style=\"width: 1034px\" class=\"wp-caption alignnone\"><a href=\"http:\/\/fasform.de\/content\/wp-content\/uploads\/2014\/06\/em_Bild_fas4m_1024x766.png\"><img loading=\"lazy\" decoding=\"async\" aria-describedby=\"caption-attachment-301\" class=\"size-full wp-image-301\" src=\"http:\/\/fasform.de\/content\/wp-content\/uploads\/2014\/06\/em_Bild_fas4m_1024x766.png\" alt=\"Einordnung FAS4M bei :em\" width=\"1024\" height=\"766\" srcset=\"https:\/\/fasform.de\/content\/wp-content\/uploads\/2014\/06\/em_Bild_fas4m_1024x766.png 1024w, https:\/\/fasform.de\/content\/wp-content\/uploads\/2014\/06\/em_Bild_fas4m_1024x766-300x224.png 300w\" sizes=\"auto, (max-width: 1024px) 100vw, 1024px\" \/><\/a><p id=\"caption-attachment-301\" class=\"wp-caption-text\">Einordnung FAS4M bei :em<\/p><\/div>\n","protected":false},"excerpt":{"rendered":"<p>Die :em engineering methods AG, kurz :em AG, entwickelt und vermittelt innovative Methoden der Produktentwicklung und verf\u00fcgt als Integrator von IT-Systemen im Produktentstehungsprozess \u00fcber ein umfassendes Leistungsangebot f\u00fcr Hersteller, Zulieferer und Ingenieurdienstleister. Hohe Kompetenzen in den Bereichen Prozesse, Methoden und Technologien nutzt die :em AG bei der Konzeption, Entwicklung und Umsetzung von integrierten und leistungsoptimierten [&hellip;]<\/p>\n","protected":false},"author":1,"featured_media":0,"parent":411,"menu_order":1,"comment_status":"open","ping_status":"open","template":"","meta":{"footnotes":""},"class_list":["post-231","page","type-page","status-publish","czr-hentry"],"aioseo_notices":[],"_links":{"self":[{"href":"https:\/\/fasform.de\/content\/wp-json\/wp\/v2\/pages\/231","targetHints":{"allow":["GET"]}}],"collection":[{"href":"https:\/\/fasform.de\/content\/wp-json\/wp\/v2\/pages"}],"about":[{"href":"https:\/\/fasform.de\/content\/wp-json\/wp\/v2\/types\/page"}],"author":[{"embeddable":true,"href":"https:\/\/fasform.de\/content\/wp-json\/wp\/v2\/users\/1"}],"replies":[{"embeddable":true,"href":"https:\/\/fasform.de\/content\/wp-json\/wp\/v2\/comments?post=231"}],"version-history":[{"count":8,"href":"https:\/\/fasform.de\/content\/wp-json\/wp\/v2\/pages\/231\/revisions"}],"predecessor-version":[{"id":791,"href":"https:\/\/fasform.de\/content\/wp-json\/wp\/v2\/pages\/231\/revisions\/791"}],"up":[{"embeddable":true,"href":"https:\/\/fasform.de\/content\/wp-json\/wp\/v2\/pages\/411"}],"wp:attachment":[{"href":"https:\/\/fasform.de\/content\/wp-json\/wp\/v2\/media?parent=231"}],"curies":[{"name":"wp","href":"https:\/\/api.w.org\/{rel}","templated":true}]}}